{"id":3062,"date":"2019-10-21T07:42:41","date_gmt":"2019-10-21T07:42:41","guid":{"rendered":"https:\/\/elessi.nasatheme.com\/?page_id=3062"},"modified":"2021-05-31T08:20:29","modified_gmt":"2021-05-31T11:20:29","slug":"sobre","status":"publish","type":"page","link":"http:\/\/casaembalagens.com.br\/?page_id=3062","title":{"rendered":"Sobre"},"content":{"rendered":"<p>[vc_row][vc_column][vc_single_image image=&#8221;3720&#8243; img_size=&#8221;full&#8221;][\/vc_column][\/vc_row][vc_row el_class=&#8221;margin-top-50 margin-bottom-60 mobile-margin-top-0&#8243;][vc_column width=&#8221;1\/2&#8243; el_class=&#8221;padding-right-40 padding-top-50 padding-side-mobile-0 mobile-margin-bottom-50 mobile-padding-top-10&#8243;][vc_row_inner][vc_column_inner el_class=&#8221;padding-right-60 padding-side-mobile-0&#8243;]<div class=\"nasa-title clearfix hr-type-none text-right padding-bottom-10\"><h3 class=\"nasa-heading-title\"><span class=\"nasa-title-wrap\"><span style=\"background: #ffffff;\">Quem somos?<\/span><\/span><\/h3><\/div>[vc_column_text]A Casa das Embalagens \u00e9 uma empresa que surgiu com o intuito de reunir em um s\u00f3 lugar diversidade, pre\u00e7o justo e qualidade. Atuamos no ramo de embalagens, produtos de limpeza, higiene pessoal, festa e utilidades.<\/p>\n<p>Hoje estamos presentes em 3 cidades no Estado de S\u00e3o Paulo ( Indaiatuba, Itu e Sumar\u00e9) e em An\u00e1polis &#8211; GO, atendendo com frota pr\u00f3pria e possuindo lojas com boa acessibilidade e localiza\u00e7\u00e3o para melhor atender nossos clientes.<\/p>\n<p>[\/vc_column_text][\/vc_column_inner][\/vc_row_inner][\/vc_column][vc_column width=&#8221;1\/2&#8243;][vc_row_inner][vc_column_inner]<div class=\"banner nasa-banner\" data-wow-delay=\"0ms\" style=\"height: 336px;\"><div class=\"banner-image nasa-banner-image\" style=\"background-image: url(http:\/\/casaembalagens.com.br\/wp-content\/uploads\/2021\/05\/logo-elipse-azul.png);background-position: center center;\" data-height=\"336\" data-width=\"780\"><\/div><\/div>[\/vc_column_inner][\/vc_row_inner][\/vc_column][\/vc_row]<\/p>\n","protected":false},"excerpt":{"rendered":"<p>[vc_row][vc_column][vc_single_image image=&#8221;3720&#8243; img_size=&#8221;full&#8221;][\/vc_column][\/vc_row][vc_row el_class=&#8221;margin-top-50 margin-bottom-60 mobile-margin-top-0&#8243;][vc_column width=&#8221;1\/2&#8243; el_class=&#8221;padding-right-40 padding-top-50 padding-side-mobile-0 mobile-margin-bottom-50 mobile-padding-top-10&#8243;][vc_row_inner][vc_column_inner el_class=&#8221;padding-right-60 padding-side-mobile-0&#8243;][vc_column_text]A Casa das Embalagens \u00e9 uma empresa que surgiu com o intuito de reunir em um s\u00f3 lugar diversidade, pre\u00e7o justo e qualidade. Atuamos no ramo de embalagens, produtos de limpeza, higiene pessoal, festa e utilidades. Hoje estamos presentes em 3 cidades [&hellip;]<\/p>\n","protected":false},"author":1,"featured_media":0,"parent":0,"menu_order":0,"comment_status":"closed","ping_status":"closed","template":"page-visual-composer.php","meta":{"footnotes":""},"class_list":["post-3062","page","type-page","status-publish","hentry"],"_links":{"self":[{"href":"http:\/\/casaembalagens.com.br\/index.php?rest_route=\/wp\/v2\/pages\/3062","targetHints":{"allow":["GET"]}}],"collection":[{"href":"http:\/\/casaembalagens.com.br\/index.php?rest_route=\/wp\/v2\/pages"}],"about":[{"href":"http:\/\/casaembalagens.com.br\/index.php?rest_route=\/wp\/v2\/types\/page"}],"author":[{"embeddable":true,"href":"http:\/\/casaembalagens.com.br\/index.php?rest_route=\/wp\/v2\/users\/1"}],"replies":[{"embeddable":true,"href":"http:\/\/casaembalagens.com.br\/index.php?rest_route=%2Fwp%2Fv2%2Fcomments&post=3062"}],"version-history":[{"count":9,"href":"http:\/\/casaembalagens.com.br\/index.php?rest_route=\/wp\/v2\/pages\/3062\/revisions"}],"predecessor-version":[{"id":3980,"href":"http:\/\/casaembalagens.com.br\/index.php?rest_route=\/wp\/v2\/pages\/3062\/revisions\/3980"}],"wp:attachment":[{"href":"http:\/\/casaembalagens.com.br\/index.php?rest_route=%2Fwp%2Fv2%2Fmedia&parent=3062"}],"curies":[{"name":"wp","href":"https:\/\/api.w.org\/{rel}","templated":true}]}}