{"id":4152,"date":"2021-09-20T09:51:51","date_gmt":"2021-09-20T12:51:51","guid":{"rendered":"https:\/\/casaembalagens.com.br\/produto\/lava-roupas-coco-5l-barbarex\/"},"modified":"2023-04-17T13:14:24","modified_gmt":"2023-04-17T16:14:24","slug":"lava-roupas-coco-5l-barbarex","status":"publish","type":"product","link":"http:\/\/casaembalagens.com.br\/?product=lava-roupas-coco-5l-barbarex","title":{"rendered":"LAVA ROUPAS COCO 5L BARBAREX"},"content":{"rendered":"<p>Lavar roupas nunca foi t\u00e3o f\u00e1cil e eficiente. Utilizando o Lava Roupas Coco Barbarex a limpeza \u00e9 completa! Sua f\u00f3rmula com fragr\u00e2ncia de Coco \u00e9 suave e n\u00e3o danifica os tecidos, evitando irrita\u00e7\u00f5es na pele e dando uma agrad\u00e1vel sensa\u00e7\u00e3o ao uso da roupa.<\/p>\n","protected":false},"excerpt":{"rendered":"<p>Lavar roupas nunca foi t\u00e3o f\u00e1cil e eficiente. Utilizando o Lava Roupas Coco Barbarex a limpeza \u00e9 completa! Sua f\u00f3rmula com fragr\u00e2ncia de Coco \u00e9 suave e n\u00e3o danifica os tecidos, evitando irrita\u00e7\u00f5es na pele e dando uma agrad\u00e1vel sensa\u00e7\u00e3o ao uso da roupa.<\/p>\n","protected":false},"featured_media":0,"comment_status":"open","ping_status":"closed","template":"","meta":[],"product_cat":[15],"product_tag":[],"class_list":{"0":"post-4152","1":"product","2":"type-product","3":"status-publish","5":"product_cat-geral","7":"first","8":"instock","9":"shipping-taxable","10":"purchasable","11":"product-type-simple"},"_links":{"self":[{"href":"http:\/\/casaembalagens.com.br\/index.php?rest_route=\/wp\/v2\/product\/4152","targetHints":{"allow":["GET"]}}],"collection":[{"href":"http:\/\/casaembalagens.com.br\/index.php?rest_route=\/wp\/v2\/product"}],"about":[{"href":"http:\/\/casaembalagens.com.br\/index.php?rest_route=\/wp\/v2\/types\/product"}],"replies":[{"embeddable":true,"href":"http:\/\/casaembalagens.com.br\/index.php?rest_route=%2Fwp%2Fv2%2Fcomments&post=4152"}],"wp:attachment":[{"href":"http:\/\/casaembalagens.com.br\/index.php?rest_route=%2Fwp%2Fv2%2Fmedia&parent=4152"}],"wp:term":[{"taxonomy":"product_cat","embeddable":true,"href":"http:\/\/casaembalagens.com.br\/index.php?rest_route=%2Fwp%2Fv2%2Fproduct_cat&post=4152"},{"taxonomy":"product_tag","embeddable":true,"href":"http:\/\/casaembalagens.com.br\/index.php?rest_route=%2Fwp%2Fv2%2Fproduct_tag&post=4152"}],"curies":[{"name":"wp","href":"https:\/\/api.w.org\/{rel}","templated":true}]}}