{"id":4274,"date":"2021-12-16T13:14:36","date_gmt":"2021-12-16T16:14:36","guid":{"rendered":"https:\/\/casaembalagens.com.br\/produto\/amaciante-5lts-puro-carinho-branco-candura\/"},"modified":"2023-08-03T08:55:20","modified_gmt":"2023-08-03T11:55:20","slug":"amaciante-5lts-puro-carinho-branco-candura","status":"publish","type":"product","link":"http:\/\/casaembalagens.com.br\/?product=amaciante-5lts-puro-carinho-branco-candura","title":{"rendered":"AMACIANTE 5LTS PURO CARINHO BRANCO (CANDURA)"},"content":{"rendered":"<p>A Linha de Amaciantes Dilu\u00eddos Candura ganhou novas embalagens e nova f\u00f3rmula com fragr\u00e2ncias exclusivas desenvolvidas com a tecnologia ScentEmotion, capazes de expressar emo\u00e7\u00f5es e sentimentos, al\u00e9m de proteger contra maus odores. As novas c\u00e1psulas de perfume penetram nos tecidos e v\u00e3o liberando gradativamente o cheirinho de cada vers\u00e3o, garantindo que as roupas permane\u00e7am perfumadas e protegidas contra cheiros desagrad\u00e1veis como fritura, cigarro ou polui\u00e7\u00e3o por muito mais tempo.<\/p>\n","protected":false},"excerpt":{"rendered":"<p>A Linha de Amaciantes Dilu\u00eddos Candura ganhou novas embalagens e nova f\u00f3rmula com fragr\u00e2ncias exclusivas desenvolvidas com a tecnologia ScentEmotion, capazes de expressar emo\u00e7\u00f5es e sentimentos, al\u00e9m de proteger contra maus odores. As novas c\u00e1psulas de perfume penetram nos tecidos e v\u00e3o liberando gradativamente o cheirinho de cada vers\u00e3o, garantindo que as roupas permane\u00e7am perfumadas e protegidas contra cheiros desagrad\u00e1veis como fritura, cigarro ou polui\u00e7\u00e3o por muito mais tempo.<\/p>\n","protected":false},"featured_media":0,"comment_status":"open","ping_status":"closed","template":"","meta":[],"product_cat":[15],"product_tag":[],"class_list":{"0":"post-4274","1":"product","2":"type-product","3":"status-publish","5":"product_cat-geral","7":"first","8":"outofstock","9":"shipping-taxable","10":"purchasable","11":"product-type-simple"},"_links":{"self":[{"href":"http:\/\/casaembalagens.com.br\/index.php?rest_route=\/wp\/v2\/product\/4274","targetHints":{"allow":["GET"]}}],"collection":[{"href":"http:\/\/casaembalagens.com.br\/index.php?rest_route=\/wp\/v2\/product"}],"about":[{"href":"http:\/\/casaembalagens.com.br\/index.php?rest_route=\/wp\/v2\/types\/product"}],"replies":[{"embeddable":true,"href":"http:\/\/casaembalagens.com.br\/index.php?rest_route=%2Fwp%2Fv2%2Fcomments&post=4274"}],"wp:attachment":[{"href":"http:\/\/casaembalagens.com.br\/index.php?rest_route=%2Fwp%2Fv2%2Fmedia&parent=4274"}],"wp:term":[{"taxonomy":"product_cat","embeddable":true,"href":"http:\/\/casaembalagens.com.br\/index.php?rest_route=%2Fwp%2Fv2%2Fproduct_cat&post=4274"},{"taxonomy":"product_tag","embeddable":true,"href":"http:\/\/casaembalagens.com.br\/index.php?rest_route=%2Fwp%2Fv2%2Fproduct_tag&post=4274"}],"curies":[{"name":"wp","href":"https:\/\/api.w.org\/{rel}","templated":true}]}}