{"id":4313,"date":"2021-12-17T10:50:07","date_gmt":"2021-12-17T13:50:07","guid":{"rendered":"https:\/\/casaembalagens.com.br\/produto\/tira-limo-spray-c-gatilho-500ml-azulim\/"},"modified":"2023-03-16T09:08:01","modified_gmt":"2023-03-16T12:08:01","slug":"tira-limo-spray-c-gatilho-500ml-azulim","status":"publish","type":"product","link":"http:\/\/casaembalagens.com.br\/?product=tira-limo-spray-c-gatilho-500ml-azulim","title":{"rendered":"TIRA LIMO SPRAY C\/GATILHO 500ML (AZULIM)"},"content":{"rendered":"<p>TIRA LIMO AZULIM \u00e9 indicado para a remo\u00e7\u00e3o do limo e limpeza de superf\u00edcies lav\u00e1veis de cozinhas, banheiros, pisos, vasos sanit\u00e1rios, banheira, box e ralos. Indicado para a limpeza de sujidades gordurosas, incrusta\u00e7\u00f5es, fuligem, poeira e marcas de dedos em azulejos e ladrilhos vitrificados, pisos frios, vasos sanit\u00e1rios, banheiras, tapetes e cortinas pl\u00e1sticas, boxes de banheiro, toldos e tetos de vinil, paredes com pintura ep\u00f3xi ou concreto aparente; O uso semanal do produto evita que manchas escuras apare\u00e7am novamente nas superf\u00edcies do seu banheiro.<\/p>\n","protected":false},"excerpt":{"rendered":"<p>TIRA LIMO AZULIM \u00e9 indicado para a remo\u00e7\u00e3o do limo e limpeza de superf\u00edcies lav\u00e1veis de cozinhas, banheiros, pisos, vasos sanit\u00e1rios, banheira, box e ralos. Indicado para a limpeza de sujidades gordurosas, incrusta\u00e7\u00f5es, fuligem, poeira e marcas de dedos em azulejos e ladrilhos vitrificados, pisos frios, vasos sanit\u00e1rios, banheiras, tapetes e cortinas pl\u00e1sticas, boxes de banheiro, toldos e tetos de vinil, paredes com pintura ep\u00f3xi ou concreto aparente; O uso semanal do produto evita que manchas escuras apare\u00e7am novamente nas superf\u00edcies do seu banheiro.<\/p>\n","protected":false},"featured_media":0,"comment_status":"open","ping_status":"closed","template":"","meta":[],"product_cat":[15],"product_tag":[],"class_list":{"0":"post-4313","1":"product","2":"type-product","3":"status-publish","5":"product_cat-geral","7":"first","8":"outofstock","9":"shipping-taxable","10":"purchasable","11":"product-type-simple"},"_links":{"self":[{"href":"http:\/\/casaembalagens.com.br\/index.php?rest_route=\/wp\/v2\/product\/4313","targetHints":{"allow":["GET"]}}],"collection":[{"href":"http:\/\/casaembalagens.com.br\/index.php?rest_route=\/wp\/v2\/product"}],"about":[{"href":"http:\/\/casaembalagens.com.br\/index.php?rest_route=\/wp\/v2\/types\/product"}],"replies":[{"embeddable":true,"href":"http:\/\/casaembalagens.com.br\/index.php?rest_route=%2Fwp%2Fv2%2Fcomments&post=4313"}],"wp:attachment":[{"href":"http:\/\/casaembalagens.com.br\/index.php?rest_route=%2Fwp%2Fv2%2Fmedia&parent=4313"}],"wp:term":[{"taxonomy":"product_cat","embeddable":true,"href":"http:\/\/casaembalagens.com.br\/index.php?rest_route=%2Fwp%2Fv2%2Fproduct_cat&post=4313"},{"taxonomy":"product_tag","embeddable":true,"href":"http:\/\/casaembalagens.com.br\/index.php?rest_route=%2Fwp%2Fv2%2Fproduct_tag&post=4313"}],"curies":[{"name":"wp","href":"https:\/\/api.w.org\/{rel}","templated":true}]}}