{"id":4317,"date":"2021-12-20T12:59:08","date_gmt":"2021-12-20T15:59:08","guid":{"rendered":"https:\/\/casaembalagens.com.br\/produto\/desengordurante-c-amoniaco-750ml-azulim\/"},"modified":"2023-01-16T11:21:30","modified_gmt":"2023-01-16T14:21:30","slug":"desengordurante-c-amoniaco-750ml-azulim","status":"publish","type":"product","link":"http:\/\/casaembalagens.com.br\/?product=desengordurante-c-amoniaco-750ml-azulim","title":{"rendered":"DESENGORDURANTE C\/AMONIACO 750ML (AZULIM)"},"content":{"rendered":"<p>O Desengordurante Azulim funciona como dois produtos em um, ele limpa melhor e desengordura mais, indicado para limpeza di\u00e1ria de cozinhas, banheiros, pisos, azulejos, paredes e demais superf\u00edcies lav\u00e1veis de sua casa<\/p>\n","protected":false},"excerpt":{"rendered":"<p>O Desengordurante Azulim funciona como dois produtos em um, ele limpa melhor e desengordura mais, indicado para limpeza di\u00e1ria de cozinhas, banheiros, pisos, azulejos, paredes e demais superf\u00edcies lav\u00e1veis de sua casa<\/p>\n","protected":false},"featured_media":0,"comment_status":"open","ping_status":"closed","template":"","meta":[],"product_cat":[15],"product_tag":[],"class_list":{"0":"post-4317","1":"product","2":"type-product","3":"status-publish","5":"product_cat-geral","7":"first","8":"outofstock","9":"shipping-taxable","10":"purchasable","11":"product-type-simple"},"_links":{"self":[{"href":"http:\/\/casaembalagens.com.br\/index.php?rest_route=\/wp\/v2\/product\/4317","targetHints":{"allow":["GET"]}}],"collection":[{"href":"http:\/\/casaembalagens.com.br\/index.php?rest_route=\/wp\/v2\/product"}],"about":[{"href":"http:\/\/casaembalagens.com.br\/index.php?rest_route=\/wp\/v2\/types\/product"}],"replies":[{"embeddable":true,"href":"http:\/\/casaembalagens.com.br\/index.php?rest_route=%2Fwp%2Fv2%2Fcomments&post=4317"}],"wp:attachment":[{"href":"http:\/\/casaembalagens.com.br\/index.php?rest_route=%2Fwp%2Fv2%2Fmedia&parent=4317"}],"wp:term":[{"taxonomy":"product_cat","embeddable":true,"href":"http:\/\/casaembalagens.com.br\/index.php?rest_route=%2Fwp%2Fv2%2Fproduct_cat&post=4317"},{"taxonomy":"product_tag","embeddable":true,"href":"http:\/\/casaembalagens.com.br\/index.php?rest_route=%2Fwp%2Fv2%2Fproduct_tag&post=4317"}],"curies":[{"name":"wp","href":"https:\/\/api.w.org\/{rel}","templated":true}]}}