{"id":4338,"date":"2021-12-20T14:24:46","date_gmt":"2021-12-20T17:24:46","guid":{"rendered":"https:\/\/casaembalagens.com.br\/produto\/limpador-casa-e-perfume-agradable-1lt\/"},"modified":"2023-10-04T15:24:02","modified_gmt":"2023-10-04T18:24:02","slug":"limpador-casa-e-perfume-agradable-1lt","status":"publish","type":"product","link":"http:\/\/casaembalagens.com.br\/?product=limpador-casa-e-perfume-agradable-1lt","title":{"rendered":"LIMPADOR CASA E PERFUME AGRADABLE 1LT"},"content":{"rendered":"<p>Casa &amp; Perfume \u00e9 o nosso limpador perfumado, pioneiro em trazer a perfumaria fina para a categoria e que transforma os ambientes da casa. Refer\u00eancia no mercado, Casa &amp; Perfume finaliza a faxina com a\u00e7\u00e3o de alta performance e garante perfume de efeito prolongado com fragr\u00e2ncias sofisticadas.<\/p>\n","protected":false},"excerpt":{"rendered":"<p>Casa &amp; Perfume \u00e9 o nosso limpador perfumado, pioneiro em trazer a perfumaria fina para a categoria e que transforma os ambientes da casa. Refer\u00eancia no mercado, Casa &amp; Perfume finaliza a faxina com a\u00e7\u00e3o de alta performance e garante perfume de efeito prolongado com fragr\u00e2ncias sofisticadas.<\/p>\n","protected":false},"featured_media":0,"comment_status":"open","ping_status":"closed","template":"","meta":[],"product_cat":[15],"product_tag":[],"class_list":{"0":"post-4338","1":"product","2":"type-product","3":"status-publish","5":"product_cat-geral","7":"first","8":"instock","9":"shipping-taxable","10":"purchasable","11":"product-type-simple"},"_links":{"self":[{"href":"http:\/\/casaembalagens.com.br\/index.php?rest_route=\/wp\/v2\/product\/4338","targetHints":{"allow":["GET"]}}],"collection":[{"href":"http:\/\/casaembalagens.com.br\/index.php?rest_route=\/wp\/v2\/product"}],"about":[{"href":"http:\/\/casaembalagens.com.br\/index.php?rest_route=\/wp\/v2\/types\/product"}],"replies":[{"embeddable":true,"href":"http:\/\/casaembalagens.com.br\/index.php?rest_route=%2Fwp%2Fv2%2Fcomments&post=4338"}],"wp:attachment":[{"href":"http:\/\/casaembalagens.com.br\/index.php?rest_route=%2Fwp%2Fv2%2Fmedia&parent=4338"}],"wp:term":[{"taxonomy":"product_cat","embeddable":true,"href":"http:\/\/casaembalagens.com.br\/index.php?rest_route=%2Fwp%2Fv2%2Fproduct_cat&post=4338"},{"taxonomy":"product_tag","embeddable":true,"href":"http:\/\/casaembalagens.com.br\/index.php?rest_route=%2Fwp%2Fv2%2Fproduct_tag&post=4338"}],"curies":[{"name":"wp","href":"https:\/\/api.w.org\/{rel}","templated":true}]}}